 -35. Suppose p*a + 3298 = 4*a. Suppose 4*k = -4*m + 3360, 4*k + m - 1705 = a. Is k a prime number?
False
Suppose 0 = -11*t + 8*t - 1233. Let x = 771 + t. Let o = -25 + x. Is o composite?
True
Let o(s) = 151*s**2 - 16*s + 18. Let v be o(6). Let u = 7549 - v. Is u prime?
False
Let q(b) = 36*b**3 + 4*b**2 - 11*b - 3. Let s(i) = -37*i**3 - 5*i**2 + 11*i + 3. Let o(y) = 3*q(y) + 2*s(y). Is o(4) prime?
True
Let i(v) = -2*v + 38. Let c be i(17). Suppose -c*h - 27 + 47 = 0. Let b(p) = 7*p**3 + 4*p**2 - 8*p + 4. Is b(h) a prime number?
False
Let l be 11 - (1 - 0)*(9 + -7). Suppose 0 = 6*z - l*z - 237. Is 2*z*(-1)/1 a composite number?
True
Suppose 25858007 + 8803657 = 26*k + 262*k. Is k a prime number?
False
Let t = 529 + -344. Let d = -372 - -378. Suppose d*q - t = q. Is q a prime number?
True
Suppose 16*a + 405 = -11*a. Is (-4)/(-5) + (-2 - 17463/a) prime?
True
Suppose 568 = -7*d - 35356. Let w = d - -8689. Is w a prime number?
True
Suppose -889 = 18*n - 25*n. Is n/(-2 - 952/(-472)) a composite number?
True
Let z be (5 + 7)/3 - 98*1. Let d = z - -91. Is -2*d*1004/24 prime?
True
Suppose -3*q + 71823 = -5*u, q - 15908 = -2*u + 8033. Is q a prime number?
False
Is (-4)/26 - -1860122*13/338 prime?
False
Let x = 209 + -191. Is x/(-72) - (-14573)/4 composite?
False
Let c = -106258 + 214760. Is c composite?
True
Suppose 2*b + 876 = 3*r, -2*r + 855 = r + 5*b. Let c = -141 + r. Is c a composite number?
False
Is (-2 - -1)/((-46)/3462374) prime?
True
Let n = -23675 - -60834. Is n a composite number?
False
Let v be 1 - (-1 + 0) - 121890/(-30). Suppose -32*z + 29*z = -v. Is z a composite number?
True
Let u(l) = -1669*l + 1215. Is u(-2) prime?
False
Let l(h) = -8*h**3 - 3*h**2 + 156*h + 43. Is l(-14) a prime number?
False
Suppose 131*n - 47483 = 130*n. Suppose 5*s + 5*t + 6323 = n, s - 8234 = -3*t. Let l = s + -4444. Is l prime?
False
Let c = 6404 + -3352. Suppose 2*i - c = 22. Is i a composite number?
True
Suppose -646*m = 196*m - 319379927 - 167571407. Is m a prime number?
True
Let a(l) = 97*l + 901. Is a(48) composite?
False
Let u(d) = d - 8. Let y be u(6). Let b be 5 + (-1 - (y - 1)). Suppose -15*f = -b*f - 25624. Is f prime?
True
Let m(h) = 45252*h + 725. Is m(2) prime?
True
Suppose -95*w + 115*w - 60 = 0. Suppose w*f - 15888 = -c, 0*f = -2*f + c + 10597. Is f composite?
False
Let k = 529 + -526. Suppose -5*j + k*d = -2*d - 25705, 5147 = j + 2*d. Is j a composite number?
True
Suppose 0*p = -2*n + p + 5, n + 5*p + 25 = 0. Suppose n = -6*h + 3*h + 3*a + 2106, -5*a = 2*h - 1397. Is h a composite number?
False
Let s be ((-780)/(-40))/(2/636) + 1. Suppose -16*t + s = -7830. Is t prime?
True
Let f be -1 + (4 - -1 - 10). Let q(r) = -1583*r - 107. Is q(f) a composite number?
False
Let s(m) = 372*m + 19. Let r be s(-11). Is -1*5/5*r composite?
False
Let t(l) be the first derivative of -40*l**2 - 141*l + 162. Is t(-34) prime?
True
Let g(a) = 18*a**2 - 2*a + 531. Is g(28) a prime number?
False
Suppose 7*s = 4*n + 11*s + 36, -5 = s. Let m(u) = u**3 + 2*u**2 - 7*u + 6. Let a(q) = q**2 - 3*q + 3. Let t(g) = 7*a(g) - 3*m(g). Is t(n) a composite number?
False
Let i(x) = 37*x + 29912*x**2 - 29891*x**2 - 39 - 20. Is i(18) composite?
False
Let u be -7 - (-264)/40 - 104/(-10). Suppose -u*i - 653 = -4823. Is i a prime number?
False
Suppose 0*x + 8*x = 231592. Suppose -x = -8*b + 15107. Is b a prime number?
True
Let m(d) = d**3 - 17*d**2 - 7*d - 46. Let g be 1/(-4) - 33/12 - 1. Let i be g + (-1)/((-1)/23). Is m(i) composite?
True
Is ((-33)/77 - 10860096/(-21) - 2) + -4 composite?
True
Let v be 14*((-3)/10 - (-1)/(-5)). Let l be -13*(v - (-2)/1). Suppose -5*h = i - 37 + 11, 2*i - l = 3*h. Is i prime?
True
Let f = 234 - 229. Suppose -3*x + y + 4516 = 0, -3*x - 2994 = -f*x + 4*y. Is x prime?
False
Suppose 0 = p - 130484 - 134289. Is p a prime number?
False
Let k(f) = -2*f - 8*f**3 - 6*f**3 + 15*f**3 + 5 - 4*f**2. Let i be k(3). Is (-5480)/(-25) + 4 - (-2)/i composite?
False
Let a = 34510 + 46573. Is a prime?
True
Suppose -5200320 = -6*s - 3*f, -1 = -f + 1. Is s a prime number?
False
Let x(y) = 298*y**3 + y**2 - 1. Let r = 46 + -45. Let b be x(r). Suppose 56 = 3*p - b. Is p a prime number?
False
Let m be ((-9294)/24)/((-2)/88). Let w = m - 10420. Is w a prime number?
True
Is (29178/(-72))/(4/(-464)) + -8 + -8 composite?
False
Suppose -1770740 = -4*a - x, -3*a + 13*x + 1328109 = 7*x. Is a a composite number?
True
Let u(g) = -97 - 192*g + 430*g - 195*g. Is u(6) prime?
False
Suppose 3*s - 2*k = 65661, 6*s + 65643 = 9*s + k. Is s a prime number?
False
Is (4 + -130)/14 - -28408 a prime number?
False
Let b(f) = 1247*f**2 + 653*f + 23. Is b(-6) a prime number?
False
Let k(u) = 11*u**3 + 320*u**2 + 129*u - 23. Is k(-20) composite?
False
Let i(k) = -k**2 - 11*k - 9. Let p be i(-2). Suppose p*l = 16*l - 4991. Is l prime?
False
Let p(x) = 534*x**3 - x**2 + x + 1. Let k(b) = 4*b - 87. Let o be k(22). Is p(o) a composite number?
True
Let w be (-924)/(-48) + (-1 - 3/(-4)). Suppose -w*r = -18*r - 138. Let h = 457 - r. Is h prime?
False
Suppose -10*s - 44 = -12*s. Let n = s + -22. Suppose 2*l - 441 = 5*o, 2*o = -n + 2. Is l a prime number?
True
Let z = -117 + 144. Let b be (2 - z/(-6))*2. Let u(w) = 5*w**2 - 30*w - 9. Is u(b) a prime number?
False
Let z(u) = -8179*u - 6865. Is z(-14) a composite number?
False
Suppose 1 = 7*g + 15. Let j be ((-6)/(-3) - -3)/(-1 - g). Suppose -n - j*n + 3684 = 0. Is n composite?
True
Suppose 0 = -t + 2*r - r + 1, -5*t + 3*r = -5. Is 93 + -2 + -1 + t + -2 a prime number?
True
Let l(a) = -a**3 + 2*a**2 - 9*a - 167. Let h be l(0). Let f = -4 - h. Is f a prime number?
True
Suppose -3*t + 20 = 143. Suppose 293*i = 296*i - 162. Let x = t + i. Is x composite?
False
Suppose 0 = -673*o + 683*o - 945670. Is o a prime number?
False
Let u(k) = 1650*k**3 + k**2 - k - 1. Let m be u(1). Let i = -245 + -43. Let z = i + m. Is z a composite number?
False
Suppose 4*f = -2*b + 56222, f = 6*b - 9*b + 14043. Let u = -3049 + f. Is u prime?
False
Let f(v) be the second derivative of 7*v**4/4 + 16*v**3 - 11*v**2/2 + 33*v. Is f(-16) a prime number?
False
Let f be -93*(4 - (-982)/(-3)). Suppose 36*y - f - 139310 = 0. Is y composite?
True
Let i be 54/(-2)*(-9)/27. Let y be ((-246)/i + 0)/(1/(-51)). Suppose 3*x + 101 - y = 0. Is x composite?
False
Is (-45068513)/(-168) + (-70)/(-1680) a prime number?
False
Let z = 170043 - 61466. Is z composite?
True
Let t = 179 - 407. Let s = -143 - t. Is s a prime number?
False
Let w be (-2)/(-4) + -7 + 161/(-2). Is (-3)/(((-21)/w)/(-7)) prime?
False
Let f = 0 + 0. Suppose 0 = 3*h + 5*p + 73 - 70, -11 = h + 5*p. Suppose 0 = -t + h, f*t - 3315 = -l - 4*t. Is l composite?
False
Let f be (((-288)/(-45))/(-4))/((-4)/5910). Let w = -1197 + f. Is w composite?
True
Suppose 38186 = 8*s - 11166. Suppose 4*k + q - s = 0, 3*k - 4759 + 156 = 4*q. Is k prime?
False
Let x = 252 - 242. Is 783 + (-35)/x*(-8)/14 a prime number?
False
Is (-10)/8 + (-8652675)/(-300) prime?
False
Let b = 100 + -110. Let q(t) = 6*t + 64. Let p be q(b). Let m(f) = 71*f + 9. Is m(p) a prime number?
True
Let v = 1380 - 736. Let b = 94 - 289. Let c = b + v. Is c composite?
False
Suppose -7*u + 10*u - 66 = 0. Suppose -10*r + 28 + u = 0. Suppose r*d - 907 = -252. Is d a composite number?
False
Let m(w) = 1305*w**2 - 32*w + 93. Is m(8) a prime number?
True
Let f = 20 - 5. Let c = -11 + f. Is 24293/153 - c/(-18) composite?
True
Let y(i) = 2*i**2 + 8*i - 3. Let u be y(-7). Suppose -5*r + 7974 = u*v - 35*v, -6 = -3*r. Is v a composite number?
True
Let q(d) = -139*d**3 + 2*d**2 - 96*d - 911. Is q(-9) composite?
True
Let o(b) = 2*b**3 + 24*b**2 - 8*b + 8. Let m = -110 + 98. Let u be o(m). Suppose u*a - 8157 = 101*a. Is a prime?
True
Is -3 - (-89821 + 7/((-7)/(-9))) a composite number?
False
Suppose 17*n - 16*n = 2847. Let k = n + -1530. Is k a prime number?
False
Let o(h) = 7*h - 32. Let j be o(4). Is (6 - 2506/(-2)) + j/1 a prime number?
False
Let h(z) = 3*z**2 + 9*z - 19. Let k(x) = x**2. Let c(s) = -h(s) + 4*k(s). Let o be c(8). Suppose -8*m = -o*m + 12333. Is m composite?
False
Suppose -48*i + 210138 = -42*i. Is i prime?
True
Let h = -1299226 + 2075825. Is h prime?
True
Let z(p) be the second derivative of -p**5/60 - 5*p**4/24 + 5*p**3/3 - p**2 - 6*p. Let i(o) be the first derivative of z(o). Is i(-5) 